{"id":657,"date":"2017-06-14T05:00:40","date_gmt":"2017-06-14T05:00:40","guid":{"rendered":"http:\/\/localhost\/construct\/?page_id=657"},"modified":"2026-01-06T12:12:46","modified_gmt":"2026-01-06T09:12:46","slug":"hakkimizda-2","status":"publish","type":"page","link":"https:\/\/www.idealmalimusavirlik.com\/?page_id=657","title":{"rendered":"HAKKIMIZDA"},"content":{"rendered":"<div class=\"wpb-content-wrapper\"><p>[vc_row css=\u201d.vc_custom_1497416090331{padding-top: 80px !important;padding-bottom: 80px !important;}\u201d][vc_column offset=\u201dvc_col-md-6\u2033]\n    <h2 class=\"text-left\" >\u0130DEAL MAL\u0130 M\u00dc\u015eAV\u0130RL\u0130K VE DANI\u015eMANLIK A.\u015e. HAKKINDA<\/h2>\n    \t    <div class=\"wprt-lines style-1 custom-3\">\n\t        <div class=\"line-1\"><\/div>\n\t    <\/div>\n    \n        \t\n[vc_column_text css=\u201d.vc_custom_1548338706489{margin-top: 25px !important;margin-bottom: 25px !important;}\u201d]2000 y\u0131l\u0131nda \u201c\u0130deal Mali M\u00fc\u015favirlik\u201d ortakl\u0131\u011f\u0131 (Levent \u2013 Fatma OZAN) \u015feklinde kurulan Mali dan\u0131\u015fmanl\u0131k ofisimiz, 19.02.2016 tarihinden itibaren A.\u015e. olarak faaliyetlerine devam etmektedir.<\/p>\n<p>Mali Dan\u0131\u015fmanl\u0131k ve Muhasebe alanlar\u0131nda geni\u015f deneyime sahip Mali M\u00fc\u015favir kadromuzla b\u00f6lgesel ve ulusal d\u00fczeyde faaliyet g\u00f6steren firmalara hizmet vermektedir.<\/p>\n<p>Kurucu ortaklar\u0131ndan Levent OZAN KGK taraf\u0131ndan yetkilendirilmi\u015f BDK\/2014\/134 sicil numaral\u0131 \u201c<a href=\"https:\/\/www.finansaleksen.com.tr\/kurumsal\/yonetim-kadromuz\/\">Finansal Eksen Ba\u011f\u0131ms\u0131z Denetim ve Dan\u0131\u015fmanl\u0131k A.\u015e<\/a>.\u201dde ulusal d\u00fczeyde Sorumlu Ortak Ba\u015f Denet\u00e7i olarak da g\u00f6rev yapmaktad\u0131r.[\/vc_column_text][\/vc_column][vc_column offset=\u201dvc_col-md-6\u2033]\t\n\t<div class=\"wprt-galleries galleries w-770px\" data-width=\"142\" data-margin=\"15\">\n        <div id=\"wprt-slider\" class=\"flexslider\">\n            <ul class=\"slides\">\n                \t                <li class=\"flex-active-slide\">\n\t                <a class=\"zoom\" href=\"\"><i class=\"fa fa-arrows-alt\"><\/i><\/a>\n\t                \t                <\/li>\n\t                            \n            <\/ul>\n        <\/div>\n\n        <div id=\"wprt-carousel\" class=\"flexslider\">\n            <ul class=\"slides\">\n            \t                \t<li><\/li>\n                            <\/ul>\n        <\/div>\n    <\/div>\t\n\n[\/vc_column][\/vc_row][vc_row css=\u201d.vc_custom_1497426657469{padding-top: 80px !important;padding-bottom: 80px !important;}\u201d][vc_column]\n    <h3 class=\"text-left\" >EK\u0130B\u0130M\u0130Z<\/h3>\n    \t    <div class=\"wprt-lines style-1 custom-3\">\n\t        <div class=\"line-1\"><\/div>\n\t    <\/div>\n    \n        \t\n[vc_empty_space height=\u201d50px\u201d]\t\n\t\n\t<div class=\"wprt-team  \" data-layout=\"slider\" data-column=\"5\" data-column2=\"3\" data-column3=\"2\" data-column4=\"1\" data-gaph=\"30\" data-gapv=\"30\">\n    \t<div id=\"team-wrap\" class=\"cbp\">\n    \t\t    \t\t<div class=\"cbp-item\">\n                <div class=\"member\">\n                    <div class=\"inner\">\n                        <div class=\"image\">\n                            <div class=\"inner\">\n                                <img loading=\"lazy\" decoding=\"async\" width=\"800\" height=\"1013\" src=\"https:\/\/www.idealmalimusavirlik.com\/wp-content\/uploads\/2017\/04\/levent-ozan.jpg\" class=\"attachment-post-thumbnail size-post-thumbnail wp-post-image\" alt=\"\" srcset=\"https:\/\/www.idealmalimusavirlik.com\/wp-content\/uploads\/2017\/04\/levent-ozan.jpg 800w, https:\/\/www.idealmalimusavirlik.com\/wp-content\/uploads\/2017\/04\/levent-ozan-237x300.jpg 237w, https:\/\/www.idealmalimusavirlik.com\/wp-content\/uploads\/2017\/04\/levent-ozan-768x972.jpg 768w\" sizes=\"auto, (max-width: 800px) 100vw, 800px\" \/>                            <\/div>\n                             \t<ul class=\"socials clearfix\">\n\t                                \t\t\t\t\t\t\t    \t\t<li class=\"linkedin\"><a href=\"https:\/\/www.linkedin.com\/in\/levent-ozan-96a91bb6\/\"><i class=\"fa fa-linkedin\"><\/i><\/a><\/li>\n\t\t\t\t\t\t\t    \t                             \t<\/ul>\n                        <\/div>\n                        <div class=\"texts\">\n                            <h4 class=\"name\">Levent OZAN<\/h4>\n                            <div class=\"position\">S.M.M.M. - Ba\u011f\u0131ms\u0131z Denet\u00e7i<\/div>\n                        <\/div>\n                    <\/div>\n                <\/div>\n            <\/div>\n                \t\t<div class=\"cbp-item\">\n                <div class=\"member\">\n                    <div class=\"inner\">\n                        <div class=\"image\">\n                            <div class=\"inner\">\n                                <img loading=\"lazy\" decoding=\"async\" width=\"380\" height=\"285\" src=\"https:\/\/www.idealmalimusavirlik.com\/wp-content\/uploads\/2017\/04\/fotoyok.jpg\" class=\"attachment-post-thumbnail size-post-thumbnail wp-post-image\" alt=\"\" srcset=\"https:\/\/www.idealmalimusavirlik.com\/wp-content\/uploads\/2017\/04\/fotoyok.jpg 380w, https:\/\/www.idealmalimusavirlik.com\/wp-content\/uploads\/2017\/04\/fotoyok-300x225.jpg 300w\" sizes=\"auto, (max-width: 380px) 100vw, 380px\" \/>                            <\/div>\n                             \t<ul class=\"socials clearfix\">\n\t                                                             \t<\/ul>\n                        <\/div>\n                        <div class=\"texts\">\n                            <h4 class=\"name\">Fatma \u00d6ZT\u00dcRK<\/h4>\n                            <div class=\"position\">Stajyer <\/div>\n                        <\/div>\n                    <\/div>\n                <\/div>\n            <\/div>\n                \t\t<div class=\"cbp-item\">\n                <div class=\"member\">\n                    <div class=\"inner\">\n                        <div class=\"image\">\n                            <div class=\"inner\">\n                                <img loading=\"lazy\" decoding=\"async\" width=\"380\" height=\"285\" src=\"https:\/\/www.idealmalimusavirlik.com\/wp-content\/uploads\/2017\/04\/fotoyok.jpg\" class=\"attachment-post-thumbnail size-post-thumbnail wp-post-image\" alt=\"\" srcset=\"https:\/\/www.idealmalimusavirlik.com\/wp-content\/uploads\/2017\/04\/fotoyok.jpg 380w, https:\/\/www.idealmalimusavirlik.com\/wp-content\/uploads\/2017\/04\/fotoyok-300x225.jpg 300w\" sizes=\"auto, (max-width: 380px) 100vw, 380px\" \/>                            <\/div>\n                             \t<ul class=\"socials clearfix\">\n\t                                                             \t<\/ul>\n                        <\/div>\n                        <div class=\"texts\">\n                            <h4 class=\"name\">Fatma OZAN<\/h4>\n                            <div class=\"position\">S.M.M.M. - Ba\u011f\u0131ms\u0131z Denet\u00e7i<\/div>\n                        <\/div>\n                    <\/div>\n                <\/div>\n            <\/div>\n                \t<\/div>\n    <\/div>\n\n[\/vc_column][\/vc_row]<\/p>\n<\/div>","protected":false},"excerpt":{"rendered":"<p>[vc_row css=\u201d.vc_custom_1497416090331{padding-top: 80px !important;padding-bottom: 80px !important;}\u201d][vc_column offset=\u201dvc_col-md-6\u2033][vc_column_text css=\u201d.vc_custom_1548338706489{margin-top: 25px !important;margin-bottom: 25px !important;}\u201d]2000 y\u0131l\u0131nda \u201c\u0130deal Mali M\u00fc\u015favirlik\u201d ortakl\u0131\u011f\u0131 (Levent \u2013 Fatma OZAN) \u015feklinde kurulan Mali dan\u0131\u015fmanl\u0131k ofisimiz, 19.02.2016 tarihinden itibaren A.\u015e. olarak faaliyetlerine devam etmektedir. Mali Dan\u0131\u015fmanl\u0131k ve Muhasebe alanlar\u0131nda geni\u015f deneyime sahip Mali M\u00fc\u015favir kadromuzla b\u00f6lgesel ve ulusal d\u00fczeyde faaliyet g\u00f6steren firmalara hizmet vermektedir. Kurucu [&hellip;]<\/p>\n","protected":false},"author":1,"featured_media":0,"parent":0,"menu_order":0,"comment_status":"closed","ping_status":"closed","template":"page-templates\/template-fullwidth.php","meta":{"footnotes":""},"class_list":["post-657","page","type-page","status-publish","hentry"],"_links":{"self":[{"href":"https:\/\/www.idealmalimusavirlik.com\/index.php?rest_route=\/wp\/v2\/pages\/657","targetHints":{"allow":["GET"]}}],"collection":[{"href":"https:\/\/www.idealmalimusavirlik.com\/index.php?rest_route=\/wp\/v2\/pages"}],"about":[{"href":"https:\/\/www.idealmalimusavirlik.com\/index.php?rest_route=\/wp\/v2\/types\/page"}],"author":[{"embeddable":true,"href":"https:\/\/www.idealmalimusavirlik.com\/index.php?rest_route=\/wp\/v2\/users\/1"}],"replies":[{"embeddable":true,"href":"https:\/\/www.idealmalimusavirlik.com\/index.php?rest_route=%2Fwp%2Fv2%2Fcomments&post=657"}],"version-history":[{"count":6,"href":"https:\/\/www.idealmalimusavirlik.com\/index.php?rest_route=\/wp\/v2\/pages\/657\/revisions"}],"predecessor-version":[{"id":1133,"href":"https:\/\/www.idealmalimusavirlik.com\/index.php?rest_route=\/wp\/v2\/pages\/657\/revisions\/1133"}],"wp:attachment":[{"href":"https:\/\/www.idealmalimusavirlik.com\/index.php?rest_route=%2Fwp%2Fv2%2Fmedia&parent=657"}],"curies":[{"name":"wp","href":"https:\/\/api.w.org\/{rel}","templated":true}]}}

<div class="wpb-content-wrapper"><p>[vc_row css=”.vc_custom_1497416090331{padding-top: 80px !important;padding-bottom: 80px !important;}”][vc_column offset=”vc_col-md-6″]
    <h2 class="text-left" >İDEAL MALİ MÜŞAVİRLİK VE DANIŞMANLIK A.Ş. HAKKINDA</h2>
    	    <div class="wprt-lines style-1 custom-3">
	        <div class="line-1"></div>
	    </div>
    
        	
[vc_column_text css=”.vc_custom_1548338706489{margin-top: 25px !important;margin-bottom: 25px !important;}”]2000 yılında “İdeal Mali Müşavirlik” ortaklığı (Levent – Fatma OZAN) şeklinde kurulan Mali danışmanlık ofisimiz, 19.02.2016 tarihinden itibaren A.Ş. olarak faaliyetlerine devam etmektedir.</p>
<p>Mali Danışmanlık ve Muhasebe alanlarında geniş deneyime sahip Mali Müşavir kadromuzla bölgesel ve ulusal düzeyde faaliyet gösteren firmalara hizmet vermektedir.</p>
<p>Kurucu ortaklarından Levent OZAN KGK tarafından yetkilendirilmiş BDK/2014/134 sicil numaralı “<a href="https://www.finansaleksen.com.tr/kurumsal/yonetim-kadromuz/">Finansal Eksen Bağımsız Denetim ve Danışmanlık A.Ş</a>.”de ulusal düzeyde Sorumlu Ortak Baş Denetçi olarak da görev yapmaktadır.[/vc_column_text][/vc_column][vc_column offset=”vc_col-md-6″]	
	<div class="wprt-galleries galleries w-770px" data-width="142" data-margin="15">
        <div id="wprt-slider" class="flexslider">
            <ul class="slides">
                	                <li class="flex-active-slide">
	                <a class="zoom" href=""><i class="fa fa-arrows-alt"></i></a>
	                	                </li>
	                            
            </ul>
        </div>

        <div id="wprt-carousel" class="flexslider">
            <ul class="slides">
            	                	<li></li>
                            </ul>
        </div>
    </div>	

[/vc_column][/vc_row][vc_row css=”.vc_custom_1497426657469{padding-top: 80px !important;padding-bottom: 80px !important;}”][vc_column]
    <h3 class="text-left" >EKİBİMİZ</h3>
    	    <div class="wprt-lines style-1 custom-3">
	        <div class="line-1"></div>
	    </div>
    
        	
[vc_empty_space height=”50px”]	
	
	<div class="wprt-team  " data-layout="slider" data-column="5" data-column2="3" data-column3="2" data-column4="1" data-gaph="30" data-gapv="30">
    	<div id="team-wrap" class="cbp">
    		    		<div class="cbp-item">
                <div class="member">
                    <div class="inner">
                        <div class="image">
                            <div class="inner">
                                <img loading="lazy" decoding="async" width="800" height="1013" src="https://www.idealmalimusavirlik.com/wp-content/uploads/2017/04/levent-ozan.jpg" class="attachment-post-thumbnail size-post-thumbnail wp-post-image" alt="" srcset="https://www.idealmalimusavirlik.com/wp-content/uploads/2017/04/levent-ozan.jpg 800w, https://www.idealmalimusavirlik.com/wp-content/uploads/2017/04/levent-ozan-237x300.jpg 237w, https://www.idealmalimusavirlik.com/wp-content/uploads/2017/04/levent-ozan-768x972.jpg 768w" sizes="auto, (max-width: 800px) 100vw, 800px" />                            </div>
                             	<ul class="socials clearfix">
	                                							    		<li class="linkedin"><a href="https://www.linkedin.com/in/levent-ozan-96a91bb6/"><i class="fa fa-linkedin"></i></a></li>
							    	                             	</ul>
                        </div>
                        <div class="texts">
                            <h4 class="name">Levent OZAN</h4>
                            <div class="position">S.M.M.M. - Bağımsız Denetçi</div>
                        </div>
                    </div>
                </div>
            </div>
                		<div class="cbp-item">
                <div class="member">
                    <div class="inner">
                        <div class="image">
                            <div class="inner">
                                <img loading="lazy" decoding="async" width="380" height="285" src="https://www.idealmalimusavirlik.com/wp-content/uploads/2017/04/fotoyok.jpg" class="attachment-post-thumbnail size-post-thumbnail wp-post-image" alt="" srcset="https://www.idealmalimusavirlik.com/wp-content/uploads/2017/04/fotoyok.jpg 380w, https://www.idealmalimusavirlik.com/wp-content/uploads/2017/04/fotoyok-300x225.jpg 300w" sizes="auto, (max-width: 380px) 100vw, 380px" />                            </div>
                             	<ul class="socials clearfix">
	                                                             	</ul>
                        </div>
                        <div class="texts">
                            <h4 class="name">Fatma ÖZTÜRK</h4>
                            <div class="position">Stajyer </div>
                        </div>
                    </div>
                </div>
            </div>
                		<div class="cbp-item">
                <div class="member">
                    <div class="inner">
                        <div class="image">
                            <div class="inner">
                                <img loading="lazy" decoding="async" width="380" height="285" src="https://www.idealmalimusavirlik.com/wp-content/uploads/2017/04/fotoyok.jpg" class="attachment-post-thumbnail size-post-thumbnail wp-post-image" alt="" srcset="https://www.idealmalimusavirlik.com/wp-content/uploads/2017/04/fotoyok.jpg 380w, https://www.idealmalimusavirlik.com/wp-content/uploads/2017/04/fotoyok-300x225.jpg 300w" sizes="auto, (max-width: 380px) 100vw, 380px" />                            </div>
                             	<ul class="socials clearfix">
	                                                             	</ul>
                        </div>
                        <div class="texts">
                            <h4 class="name">Fatma OZAN</h4>
                            <div class="position">S.M.M.M. - Bağımsız Denetçi</div>
                        </div>
                    </div>
                </div>
            </div>
                	</div>
    </div>

[/vc_column][/vc_row]</p>
</div>

<p>[vc_row css=”.vc_custom_1497416090331{padding-top: 80px !important;padding-bottom: 80px !important;}”][vc_column offset=”vc_col-md-6″][vc_column_text css=”.vc_custom_1548338706489{margin-top: 25px !important;margin-bottom: 25px !important;}”]2000 yılında “İdeal Mali Müşavirlik” ortaklığı (Levent – Fatma OZAN) şeklinde kurulan Mali danışmanlık ofisimiz, 19.02.2016 tarihinden itibaren A.Ş. olarak faaliyetlerine devam etmektedir. Mali Danışmanlık ve Muhasebe alanlarında geniş deneyime sahip Mali Müşavir kadromuzla bölgesel ve ulusal düzeyde faaliyet gösteren firmalara hizmet vermektedir. Kurucu [&hellip;]</p>
